45 and 2760505?
2915
Calculate the highest common divisor of 173952 and 240.
48
Calculate the highest common divisor of 1440256 and 2022256.
1552
What is the greatest common factor of 2853819 and 1539?
513
Calculate the greatest common divisor of 88667614 and 777.
259
Calculate the greatest common divisor of 115720923 and 2799.
933
What is the highest common factor of 306 and 98216038?
34
Calculate the highest common divisor of 28 and 10793013.
7
What is the highest common factor of 28534 and 17952?
22
Calculate the greatest common divisor of 15 and 28192287.
3
Calculate the highest common factor of 424802 and 1463.
133
What is the highest common factor of 226794279 and 1281?
183
Calculate the highest common divisor of 4896171 and 3597.
327
What is the highest common divisor of 12707671 and 751?
751
Calculate the highest common divisor of 6496 and 920402.
406
Calculate the greatest common factor of 884196 and 7452.
324
Calculate the highest common divisor of 584 and 18814464.
8
What is the highest common factor of 35295 and 274510392?
7059
What is the highest common factor of 2674736 and 22?
2
Calculate the highest common factor of 2577 and 185327532.
2577
Calculate the greatest common factor of 11715 and 5035305.
165
What is the greatest common divisor of 77197440 and 15500?
620
Calculate the highest common divisor of 165141 and 344088.
531
Calculate the greatest common factor of 4308 and 1712598012.
4308
What is the highest common factor of 1624 and 427199899?
203
Calculate the greatest common factor of 5385 and 10706457.
1077
What is the greatest common factor of 110 and 143307967?
11
What is the highest common factor of 9544 and 2046136?
8
Calculate the greatest common factor of 1249306 and 3318.
158
Calculate the greatest common factor of 944 and 81121932.
236
Calculate the greatest common factor of 536 and 7660456.
8
Calculate the greatest common factor of 27265976 and 8.
8
What is the highest common divisor of 2701876 and 584?
292
What is the highest common factor of 33 and 34978812?
33
What is the greatest common divisor of 235340 and 4060?
140
Calculate the greatest common factor of 156499 and 1618631.
553
Calculate the highest common divisor of 141765 and 55785.
15
Calculate the greatest common divisor of 113999145 and 95.
95
What is the greatest common divisor of 29852739 and 378?
189
What is the greatest common factor of 17231005 and 4235?
605
Calculate the greatest common divisor of 6555 and 1197950.
95
What is the greatest common divisor of 1044 and 100849095?
261
What is the highest common divisor of 2636179 and 2457?
91
What is the highest common factor of 24 and 40099524?
12
What is the highest common factor of 2558 and 1077070201?
1279
What is the greatest common divisor of 72 and 45938520?
72
What is the highest common factor of 128791 and 52?
13
Calculate the highest common divisor of 3572072 and 1816.
1816
Calculate the highest common factor of 153 and 25974045.
153
Calculate the highest common factor of 39274800 and 204.
12
Calculate the greatest common divisor of 3246144 and 1144800.
5088
Calculate the greatest common factor of 318588 and 5441208.
2292
What is the highest common factor of 586 and 222220283?
293
What is the greatest common divisor of 1781406 and 44?
22
Calculate the highest common factor of 4034015 and 1360.
85
Calculate the greatest common factor of 23606 and 19997472.
638
What is the highest common divisor of 10443216 and 336?
336
Calculate the greatest common factor of 29934014 and 22.
22
Calculate the greatest common factor of 5688 and 7739784.
72
Calculate the highest common divisor of 949 and 1569958.
13
What is the greatest common divisor of 5439 and 3801084?
777
What is the greatest common divisor of 810 and 5951232?
162
Calculate the highest common divisor of 16510 and 416312858.
3302
What is the highest common divisor of 98017963 and 478?
239
What is the highest common divisor of 16 and 57072584?
8
What is the greatest common factor of 1438200 and 5950?
850
What is the greatest common factor of 100 and 208208?
4
Calculate the greatest common divisor of 636 and 98469972.
636
What is the greatest common factor of 5963965 and 6159?
2053
Calculate the greatest common divisor of 234840 and 18128.
824
Calculate the greatest common factor of 568945 and 455.
65
Calculate the highest common divisor of 59451 and 260348445.
3129
Calculate the highest common factor of 51173560 and 8.
8
What is the highest common factor of 1442 and 26212058?
206
What is the greatest common factor of 16063829 and 6411?
2137
Calculate the greatest common factor of 36395 and 200825.
145
Calculate the highest common divisor of 3024 and 1898304.
48
Calculate the greatest common divisor of 32438625 and 1150.
575
What is the highest common factor of 8632 and 11986?
26
What is the highest common factor of 105 and 6267590?
35
Calculate the highest common factor of 493 and 321827.
17
What is the highest common factor of 67419744 and 199752?
6888
Calculate the highest common divisor of 115 and 1326962.
23
What is the highest common divisor of 33145 and 4711?
7
Calculate the highest common factor of 58444800 and 1500.
300
What is the greatest common divisor of 3239 and 201281177?
3239
What is the highest common factor of 2395440 and 10422?
54
Calculate the highest common divisor of 1260 and 8705095.
35
Calculate the greatest common divisor of 8870498 and 987.
329
Calculate the highest common factor of 358135 and 5125.
205
Calculate the greatest common factor of 24749684 and 11168.
1396
What is the greatest common factor of 3740 and 1975820?
220
What is the greatest common factor of 12924 and 2360844?
36
Calculate the highest common factor of 5876 and 7228.
52
What is the highest common factor of 10042 and 2219081160?
10042
Calculate the highest common divisor of 1657477 and 2449.
31
Calculate the highest common divisor of 413130 and 64578.
282
Calculate the highest common factor of 7514663 and 1105.
221
What is the highest common factor of 8122994 and 10868?
418
What is the highest common divisor of 1329 and 703044987?
1329
What is the greatest common divisor of 18 and 10617327?
9
What is the greatest common factor of 2997444 and 4710?
942
Calculate the greatest common factor of 307233268 and 228.
76
What is the greatest common factor of 49632 and 11772948?
132
Calculate the greatest common factor of 8209662 and 981.
327
Calculate the highest common divisor of 104775 and 5021580.
1905
Calculate the greatest common factor of 203101 and 83.
83
What is the greatest common divisor of 20 and 3300848?
4
What is the highest common divisor of 100 and 1616436?
4
Calculate the highest common divisor of 105984675 and 5207.
127
Calculate the greatest common divisor of 583251056 and 76.
76
What is the highest common factor of 611632 and 23368?
1016
Calculate the highest common factor of 4745 and 331279.
13
Calculate the highest common divisor of 298 and 3701011.
149
What is the greatest common divisor of 2101418012 and 1501?
1501
Calculate the highest common divisor of 218231966 and 602.
86
What is the greatest common divisor of 285 and 14353797?
57
Calculate the highest common factor of 243358 and 54329.
449
What is the greatest common divisor of 2611483 and 21?
7
What is the highest common factor of 5144 and 86579950?
1286
Calculate the highest common divisor of 46285084 and 3179.
289
Calculate the greatest common divisor of 205906134 and 21.
21
Calculate the highest common factor of 7320004 and 2060.
412
Calculate the greatest common factor of 1813515 and 2618132.
4169
What is the highest common factor of 58714 and 8450081?
947
Calculate the greatest common divisor of 7 and 1070575471.
7
What is the greatest common divisor of 35 and 29465583?
7
What is the greatest common divisor of 7162039 and 3059?
23
Calculate the highest common divisor of 10844 and 842.
2
What is the greatest common factor of 166428 and 24472?
92
Calculate the highest common divisor of 1218280 and 5648972.
6412
What is the greatest common divisor of 25262560 and 1120?
160
What is the greatest common factor of 3352930 and 65170?
1330
What is the highest common factor of 6862192 and 1216?
304
Calculate the greatest common factor of 19965 and 10716365.
605
Calculate the gre